Let l(o) = -5*o - 1. Determine l(z).
-6
Let n(k) = -97*k**2 - 5 + 194*k**2 - 96*k**2 - 12*k. Calculate n(13).
8
Let c(t) = t**3 + 10*t**2 + 5*t - 15. Suppose 41*z = -54 - 315. What is c(z)?
21
Suppose 0 = -5*z + 8 + 7. Let p(x) be the third derivative of -x**6/120 + x**5/60 - x**4/24 + 754*x**2. Calculate p(z).
-21
Let w be (-47)/3 + (-3)/9. Let z = -12 - w. Let i(t) = t**2. Let y(c) = 2*c**2 + 3*c - 3. Let b(d) = -3*i(d) + y(d). Determine b(z).
-7
Let j(c) = c - 1. Let o(x) = x + 2. Let a = -8 - -10. Let y(p) = a*j(p) + o(p). Determine y(2).
6
Let o be -4*(-4)/(-24)*-3. Let t = o - 2. Let a(l) = l**3 + 0*l + 2 - l + 0*l + 0. Give a(t).
2
Let o(m) be the third derivative of m**6/360 - m**5/60 - m**4/24 - m**3/3 - 10*m**2. Let y(g) be the first derivative of o(g). What is y(4)?
7
Let d(j) = 4 - j**2 - 7 - 5 + 9*j. Suppose 8*f + 13 = 53. Suppose -2*l + 2*b + f = -19, -3*b + 4 = 2*l. Calculate d(l).
0
Suppose q + 7 = m + 16, 0 = 4*q - 12. Let z(h) = -4*h - 5. Calculate z(m).
19
Let j(f) = f**2 - 5*f - 8. Let d be ((1 + 1)/((-6)/(-21)))/1. Calculate j(d).
6
Let g(l) = l**3 + 3*l**2 - 3. Suppose 4*k + 28 = -4*a + 3*a, 2*a - 4*k + 80 = 0. Let t be 2/3 + 132/a. What is g(t)?
-3
Let b = 34 - 32. Let j(h) = 2 + 8 + b - 4*h - 9. What is j(5)?
-17
Let y(a) = a**3 - 7*a**2 + 5*a + 6. Let t(f) = 6*f**3 + 5*f**2 + 6*f + 9. Let s(w) = w**3 - 1. Let j(x) = -5*s(x) + t(x). Let q be j(-4). Calculate y(q).
0
Let w = -8 + 11. Let c(t) = 2*t + w*t**2 - 1 + 9*t**3 - 4*t**2 - 4*t**3. Let y be 1 + 1 + (-1 - 0). Calculate c(y).
5
Let m = 25 + -23. Let w(p) = p**2 + 9*p + 6. Let k be w(-9). Let s(d) = -19*d + 3 + 6*d + k*d. Give s(m).
-11
Let f(j) be the first derivative of -5 + 0*j**2 - 6*j**2 + 3*j**2 + 2*j**2 - j. Give f(4).
-9
Let h(m) = 6*m - 1. Let o be h(10). Let u = o - 61. Let r(t) = -t**3 - 3*t**2 - 2*t + 1. Calculate r(u).
1
Let r(m) = m**3 - m**2 + m + 1. Let j(o) = o + 12. Let b be j(-5). Let q be 6*(21/9)/b. Give r(q).
7
Suppose h - 12 = -2*m, -2*m + 3*h + h - 8 = 0. Suppose 2*d + 2 = g + 4*d, 5*g - 20 = -5*d. Let q(v) = -g*v**2 - 5 + 3*v**2 + 10*v - 11*v + v**3. Determine q(m).
7
Let n(m) be the third derivative of -m**5/60 + m**4/8 + m**3/6 + 201*m**2 + 2*m. Give n(0).
1
Let d = 2608 + -2593. Let w(p) = -p**3 + 14*p**2 + 16*p - 18. Give w(d).
-3
Let d(c) = -3 - 3*c + 6*c + 2. Let y be d(1). Let m(n) = 0*n - 7*n + n**y + n. Determine m(6).
0
Let l(v) = 7 + v**3 + 7*v**2 - 7*v + 0 + 0*v**2 + 1. Let w be l(-8). Let p(u) = -2 + w - u**2 + 135*u - 142*u. Calculate p(-6).
4
Let v(p) = -6*p**2 - 11*p - 7*p**2 + 5 + 5*p + 12*p**2. What is v(-7)?
-2
Let m(x) = 11*x. Let k be 3 + 10 - (-1 + -1). Let s = 16 - k. What is m(s)?
11
Suppose -4*w + 12 = -0. Let a(b) = b**3 - 3*b**3 + 4 + b**w + 2*b**3 + 6*b**2. Calculate a(-6).
4
Let r(j) = j - 1. Let n(p) = 20*p + 710. Let c be n(-36). Give r(c).
-11
Let z = 144 - 132. Let d(x) = z*x + 23 - 13*x - 15. Give d(3).
5
Suppose -13*m = -17*m + 12. Let f(j) be the third derivative of 1/12*j**4 - j**2 + 0 - 1/6*j**m + 1/15*j**5 + 1/120*j**6 + 0*j. What is f(-3)?
2
Suppose 4*s - 7*s = -36. Suppose 3*c - 5*c = -s. Let l(u) = u - 2 + 0 - 5. Determine l(c).
-1
Let a(q) be the second derivative of 7/12*q**4 + 7*q + 0 + 4/3*q**3 + 1/20*q**5 + 0*q**2. Calculate a(-6).
-12
Let h(f) = -5*f**2 + 8*f - 53. Let r(t) = 4*t**2 - 10*t + 51. Let b(c) = 5*h(c) + 6*r(c). Calculate b(-22).
-3
Let j(n) = -21*n**2 + 43*n**2 - 20*n**2 + 1. Calculate j(1).
3
Let c(i) = -i + 1. Let p(o) = 3*o - 6. Let f = 38 + -42. Let w(k) = f*c(k) - p(k). Suppose 0 = 4*a - 8*a - 20. What is w(a)?
-3
Let h(g) = -g - 1. Let p(u) = 60*u**2 + 3*u + 2. Let m be p(-1). Let q = -65 + m. What is h(q)?
5
Let z(h) = -3*h**3 + 6*h**2 - 6*h - 11. Let l(o) = -7*o**3 + 11*o**2 - 15*o - 23. Let c(m) = 2*l(m) - 5*z(m). Determine c(8).
9
Let z(f) = 2*f**2 - 7*f - 9. Let u = -2489 + 2486. What is z(u)?
30
Let i(q) = q**2 - 7*q + 1. Let t be (2 - 0)/(22/88). Suppose 4*z = 2*z + t, 4*w = -3*z + 28. Suppose a = w + 1. Give i(a).
-9
Let g(s) be the third derivative of -s**5/60 + s**4/24 + 4*s**3/3 - 297*s**2. Determine g(6).
-22
Let d(c) = -c**3 + 6*c**2 - 7. Suppose -3*m = -82 - 29. Suppose 5*l = 2*t - 264, -l - 20 - m = t. Let i be 12/(-9)*l/12. Determine d(i).
-7
Let x(r) = -6*r - 3. Let h(g) = -16*g + 46*g - g**3 + 9*g**2 - 12*g + 7 - 19*g. Let f be h(9). Determine x(f).
9
Let p(y) = y**3 - 4*y**2 + 2*y. Let r be (0 - 4)*4/(-1). Suppose -3*l + r = -41. Let j = 23 - l. Determine p(j).
8
Let n(p) = 4 - 2 - 6 + 2*p. Calculate n(5).
6
Let z(b) = -8*b + 3 + 16417*b**2 - b - 8206*b**2 - 8210*b**2. Give z(9).
3
Let s = -887 - -882. Let x(a) = a**3 + 6*a**2 + 8*a + 3. Determine x(s).
-12
Suppose 2*w + 2*w = 0. Suppose -5*o + 3*x - 37 = 0, o + w*o = 4*x - 21. Let d(k) = -k**2 - 5*k - 4. What is d(o)?
-4
Suppose 2*l = 3*l. Let t(b) be the second derivative of 4*b**2 - 2*b - 1/6*b**3 + 0 - 1/12*b**4. Determine t(l).
8
Let t(x) = x + 5. Let r be 43/3 - (-1)/(-3). Suppose -15*p + r*p = 5. Determine t(p).
0
Let j be -10 + 7/(-28)*4. Let u(d) = d**2 + 12*d + 7. Give u(j).
-4
Suppose 0 = 5*n + 17 + 8. Let t(r) = -r**2 - 2*r + 9. Let u(z) be the second derivative of z**3/6 - z**2/2 + 3*z. Let k(q) = n*u(q) - t(q). Determine k(3).
-4
Let j(d) = 2*d**2 + 4*d - 8. Let s be j(-4). Let w = s - 6. Suppose z = -w*z + 5*y, -4*z + 4*y = 0. Let q(r) = -r**2 + r - 2. Calculate q(z).
-2
Let c(d) = -d**3 + 5*d**2 + 2*d - 3. Let l(h) = -2*h**3 + 10*h**2 + 15*h - 13. Let q be l(6). Give c(q).
7
Let l(r) = 3*r**2 - 1. Let d = -20 + 23. Suppose -3*k - 2*k - 3*q = -8, -2*k + 5 = d*q. Calculate l(k).
2
Let f(u) = -4*u + 1. Let g be f(-1). Let w(q) be the second derivative of -2*q - q**2 + 0 - 1/6*q**3. What is w(g)?
-7
Let u(m) = 15 - 17 + 3*m + m. Suppose 10 = -63*j + 68*j. What is u(j)?
6
Suppose -f + 12 = 3*h, -2*h = -4*f - 7*h + 20. Suppose f = 4*t + 5*o - 8, 3*o = -4*t - o + 8. Let c(r) = -r**3 + 4*r**2 + 2*r - 3. Give c(t).
9
Let y(u) = 7*u**2 + 5*u + 2. Let x(n) = -12*n**2 - 10*n - 5. Let i(m) = -3*x(m) - 5*y(m). What is i(-3)?
-1
Suppose 2*n - 8 = 8. Let v(d) = d**3 - 7*d**2 - 9*d - 2. Give v(n).
-10
Suppose 0 = 3*n + 218 - 191. Let d(i) = 2*i + 1. Determine d(n).
-17
Let j(g) = 12*g**2 + 131*g - 10. Let p be j(-11). Let y(i) = 7*i + 1. Calculate y(p).
8
Suppose -2*b = -6*b + 16. Suppose -2*l - b = -10. Let z(u) = -12*u - 1 - l*u + 2*u - u. Determine z(-1).
13
Let w be (-1)/7 - (2 + 125/7). Let v(c) = c**2 + 19*c - 19. Give v(w).
1
Let v(a) = -4*a**2 - 6*a - 6. Let q(j) = 3*j**2 + 7*j + 7. Let n(c) = 3*q(c) + 2*v(c). Suppose 7*g - 7 = -49. Determine n(g).
-9
Let b(y) be the second derivative of -y**5/20 - y**4 - y**3/6 - 8*y**2 + 24*y. Let r be b(-12). Let v(n) = n + 3. Give v(r).
-1
Let h = 5 - 21. Let q(t) = -3*t + 1. Let g be q(4). Let f = g - h. Let u(k) = -2*k + 4. Give u(f).
-6
Let o(f) = -3*f**3 + 2*f**2 - 6*f - 3. Let x(w) = -4*w**3 + w**2 - 7*w - 2. Let m(j) = -5*o(j) + 4*x(j). Let d = 3766 - 3772. Calculate m(d).
-5
Let a(r) = 2*r + 6. Let y(d) = 3*d + 6. Let i(v) = -4*a(v) + 3*y(v). Determine i(-8).
-14
Suppose 6*c - 5*c - 30 = 0. Let j be (-22)/(-10) + (-5 - (-144)/c). Let t(u) = 5*u. Calculate t(j).
10
Suppose -10 = -0*y - 2*y. Let o = y + 1. Let a(c) = c**2 - 9*c + 6. Determine a(o).
-12
Let l(q) = q**3 - 3*q**2 + 7*q + 6. Let s(x) = 2*x. Let j(r) = l(r) - 6*s(r). What is j(4)?
2
Let n(p) = -15*p**2. Let a(z) = z**2 + 6*z - 19. Let b be a(-8). Let w be 3 - 10 - b - -3. What is n(w)?
-15
Let i(q) be the second derivative of q**5/20 - q**4/4 + q**3/6 - q**2/2 + 4*q. Let b(t) = 3*t - 4. Let x = 21 - 19. Let f be b(x). What is i(f)?
-3
Let w(y) = 27*y**2 + 2*y + 1. Let v(t) = -20*t**2 - t - 2. Let a(b) = 4*v(b) + 3*w(b). Determine a(-5).
10
Let u(t) = -t**2 - 154*t + 91*t - 8 + 72*t. Suppose 4*i = -q + 3, -2*i - 2*i = -4*q + 32. Determine u(q).
6
Let k(p) = -p + 6. Let j(z) = -3*z**2 - 36*z - 28. Let m be j(-11). Give k(m).
1
Let l be (-38 + 39)*(1 - (-1 + 1)). Let d(n) = -n - 1. Let z(a) = -a**2 - 8*a - 2. Let o(v) = l*z(v) - 4*d(v). Calculate o(-5).
-3
Let s(m) = 2*m - 2. Let t(p) = p - 2. Let z(y) = 2*s(y) - 3*t(y). Let n = 12492 - 12495. Calculate z(n).
-1
Let i(d) = 2 + 4*d + 2254*d**3 - 2253*d**3 + 5*d**2 + 1. Determine i(-5).
-17
Let p(i) = 7*i + 1. Let w be -1*(4 + (-6 - 4)) - -1. Let m